{"id":651,"date":"2023-01-19T17:41:30","date_gmt":"2023-01-19T17:41:30","guid":{"rendered":"https:\/\/samahil.gob.mx\/?page_id=651"},"modified":"2026-01-20T17:48:25","modified_gmt":"2026-01-20T17:48:25","slug":"unidad-de-transparencia","status":"publish","type":"page","link":"https:\/\/samahil.gob.mx\/index.php\/unidad-de-transparencia\/","title":{"rendered":"UNIDAD DE TRANSPARENCIA"},"content":{"rendered":"<h3 style=\"text-align: center;\"><\/h3>\n<table style=\"border-collapse: collapse; width: 100%; height: 24px;\">\n<tbody>\n<tr style=\"height: 24px;\">\n<td style=\"width: 66.6667%; height: 24px;\"><strong>Titular: <span style=\"color: #339966;\">C. Yazmin Isari Garcia Flores<\/span><br \/>\n<\/strong>&nbsp;<\/p>\n<p style=\"text-align: right;\"><strong><span style=\"font-size: 14pt;\">Domicilio de la Unidad de Transparencia:<\/span><br \/>\n<\/strong>Calle 23 x 18 y 20 C.P.97810 Samahil, Yucat\u00e1n.<br \/>\n<strong><span style=\"font-size: 14pt;\">Correo electr\u00f3nico:\u00a0<\/span><br \/>\n<\/strong>samahil@transparenciayucatan.org.mx<\/p>\n<p style=\"text-align: right;\"><strong><span style=\"font-size: 14pt;\">Horarios de atenci\u00f3n al p\u00fablico de la Unidad de Transparencia:<\/span><br \/>\n<\/strong>\u00a0 \u00a0 \u00a0 \u00a0 \u00a0 \u00a0 \u00a0 \u00a0 \u00a0 \u00a0 \u00a0 \u00a0 \u00a0 \u00a0 \u00a0 \u00a0 \u00a0 \u00a0 \u00a0 \u00a0 \u00a0 \u00a0 \u00a0 \u00a0 \u00a0 \u00a0 \u00a0 \u00a0 \u00a0 \u00a0 \u00a0 \u00a0 \u00a0 \u00a0 \u00a0 \u00a0 \u00a0 \u00a0 Lunes a viernes de 8:00 a.m. a 1:00 p.m.<\/p>\n<\/td>\n<td style=\"width: 33.3333%; height: 24px; text-align: center;\"><a href=\"https:\/\/www.plataformadetransparencia.org.mx\/Inicio\"><img loading=\"lazy\" decoding=\"async\" class=\"aligncenter size-full wp-image-1769\" src=\"https:\/\/samahil.gob.mx\/wp-content\/uploads\/2026\/01\/PNT.png\" alt=\"\" width=\"600\" height=\"600\" \/><\/a><\/td>\n<\/tr>\n<\/tbody>\n<\/table>\n<div id=\"accordions-2053\" class=\"accordions-2053 accordions\" data-accordions={&quot;lazyLoad&quot;:true,&quot;id&quot;:&quot;2053&quot;,&quot;event&quot;:&quot;click&quot;,&quot;collapsible&quot;:&quot;true&quot;,&quot;heightStyle&quot;:&quot;content&quot;,&quot;animateStyle&quot;:&quot;swing&quot;,&quot;animateDelay&quot;:1000,&quot;navigation&quot;:true,&quot;active&quot;:999,&quot;expandedOther&quot;:&quot;no&quot;}>\r\n                <div id=\"accordions-lazy-2053\" class=\"accordions-lazy\" accordionsId=\"2053\">\r\n                    <\/div>\r\n\r\n    <div class=\"items\"  style=\"display:none\" >\r\n    \r\n            <div post_id=\"2053\" itemcount=\"0\"  header_id=\"header-1768930743796\" id=\"header-1768930743796\" style=\"\" class=\"accordions-head head1768930743796 border-none\" toggle-text=\"\" main-text=\"D\u00edas inh\u00e1biles de la unidad de transparencia municipal 2026\">\r\n                                    <span id=\"accordion-icons-1768930743796\" class=\"accordion-icons\">\r\n                        <span class=\"accordion-icon-active accordion-plus\"><i class=\"fas fa-chevron-up\"><\/i><\/span>\r\n                        <span class=\"accordion-icon-inactive accordion-minus\"><i class=\"fas fa-chevron-right\"><\/i><\/span>\r\n                    <\/span>\r\n                    <span id=\"header-text-1768930743796\" class=\"accordions-head-title\">D\u00edas inh\u00e1biles de la unidad de transparencia municipal 2026<\/span>\r\n                            <\/div>\r\n            <div class=\"accordion-content content1768930743796 \">\r\n                <ul>\n<li>Lunes 02 de febrero.- Conmemoraci\u00f3n del Aniversario de la Promulgaci\u00f3n de la Constituci\u00f3n Pol\u00edtica de los Estados Unidos Mexicanos.<\/li>\n<li>Lunes 16 de marzo.- Conmemoraci\u00f3n del Aniversario del Natalicio de Benito Ju\u00e1rez Garc\u00eda.<\/li>\n<li>Viernes 01 de mayo.- D\u00eda del Trabajo.<\/li>\n<li>Mi\u00e9rcoles 16 septiembre.- Aniversario del inicio de la lucha por la Independencia de M\u00e9xico.<\/li>\n<li>Lunes 16 de noviembre.- Conmemoraci\u00f3n del Aniversario del inicio de la Revoluci\u00f3n Mexicana.<\/li>\n<li>Viernes 25 de diciembre.- Navidad.<\/li>\n<li>Viernes 01 de enero 2027.- A\u00f1o Nuevo.<\/li>\n<\/ul>\n            <\/div>\r\n    \r\n            <div post_id=\"2053\" itemcount=\"1\"  header_id=\"header-1768930931066\" id=\"header-1768930931066\" style=\"\" class=\"accordions-head head1768930931066 border-none\" toggle-text=\"\" main-text=\"D\u00edas Inh\u00e1biles por Respeto a las Tradiciones y Costumbres Populares 2026\">\r\n                                    <span id=\"accordion-icons-1768930931066\" class=\"accordion-icons\">\r\n                        <span class=\"accordion-icon-active accordion-plus\"><i class=\"fas fa-chevron-up\"><\/i><\/span>\r\n                        <span class=\"accordion-icon-inactive accordion-minus\"><i class=\"fas fa-chevron-right\"><\/i><\/span>\r\n                    <\/span>\r\n                    <span id=\"header-text-1768930931066\" class=\"accordions-head-title\">D\u00edas Inh\u00e1biles por Respeto a las Tradiciones y Costumbres Populares 2026<\/span>\r\n                            <\/div>\r\n            <div class=\"accordion-content content1768930931066 \">\r\n                <ul>\n<li>Lunes 16 y martes 17 de febrero.- Lunes y martes de carnaval.<\/li>\n<li>Del lunes 30 de marzo al viernes 03 de abril.- Semana Santa.<\/li>\n<li>Lunes 02 de noviembre.- Fieles Difuntos.<\/li>\n<\/ul>\n            <\/div>\r\n    <\/div>\r\n\r\n\r\n\r\n            <\/div>\n","protected":false},"excerpt":{"rendered":"<p>Titular: C. Yazmin Isari Garcia Flores &nbsp; Domicilio de la Unidad de Transparencia: Calle 23 x 18 y 20 C.P.97810 Samahil, Yucat\u00e1n. Correo electr\u00f3nico:\u00a0 samahil@transparenciayucatan.org.mx<\/p>\n","protected":false},"author":1,"featured_media":0,"parent":0,"menu_order":0,"comment_status":"closed","ping_status":"closed","template":"","meta":{"footnotes":""},"class_list":["post-651","page","type-page","status-publish","hentry"],"_links":{"self":[{"href":"https:\/\/samahil.gob.mx\/index.php\/wp-json\/wp\/v2\/pages\/651","targetHints":{"allow":["GET"]}}],"collection":[{"href":"https:\/\/samahil.gob.mx\/index.php\/wp-json\/wp\/v2\/pages"}],"about":[{"href":"https:\/\/samahil.gob.mx\/index.php\/wp-json\/wp\/v2\/types\/page"}],"author":[{"embeddable":true,"href":"https:\/\/samahil.gob.mx\/index.php\/wp-json\/wp\/v2\/users\/1"}],"replies":[{"embeddable":true,"href":"https:\/\/samahil.gob.mx\/index.php\/wp-json\/wp\/v2\/comments?post=651"}],"version-history":[{"count":12,"href":"https:\/\/samahil.gob.mx\/index.php\/wp-json\/wp\/v2\/pages\/651\/revisions"}],"predecessor-version":[{"id":2055,"href":"https:\/\/samahil.gob.mx\/index.php\/wp-json\/wp\/v2\/pages\/651\/revisions\/2055"}],"wp:attachment":[{"href":"https:\/\/samahil.gob.mx\/index.php\/wp-json\/wp\/v2\/media?parent=651"}],"curies":[{"name":"wp","href":"https:\/\/api.w.org\/{rel}","templated":true}]}}

<h3 style="text-align: center;"></h3>
<table style="border-collapse: collapse; width: 100%; height: 24px;">
<tbody>
<tr style="height: 24px;">
<td style="width: 66.6667%; height: 24px;"><strong>Titular: <span style="color: #339966;">C. Yazmin Isari Garcia Flores</span><br />
</strong>&nbsp;</p>
<p style="text-align: right;"><strong><span style="font-size: 14pt;">Domicilio de la Unidad de Transparencia:</span><br />
</strong>Calle 23 x 18 y 20 C.P.97810 Samahil, Yucatán.<br />
<strong><span style="font-size: 14pt;">Correo electrónico: </span><br />
</strong>samahil@transparenciayucatan.org.mx</p>
<p style="text-align: right;"><strong><span style="font-size: 14pt;">Horarios de atención al público de la Unidad de Transparencia:</span><br />
</strong>                                                                            Lunes a viernes de 8:00 a.m. a 1:00 p.m.</p>
</td>
<td style="width: 33.3333%; height: 24px; text-align: center;"><a href="https://www.plataformadetransparencia.org.mx/Inicio"><img loading="lazy" decoding="async" class="aligncenter size-full wp-image-1769" src="https://samahil.gob.mx/wp-content/uploads/2026/01/PNT.png" alt="" width="600" height="600" /></a></td>
</tr>
</tbody>
</table>
<div id="accordions-2053" class="accordions-2053 accordions" data-accordions={&quot;lazyLoad&quot;:true,&quot;id&quot;:&quot;2053&quot;,&quot;event&quot;:&quot;click&quot;,&quot;collapsible&quot;:&quot;true&quot;,&quot;heightStyle&quot;:&quot;content&quot;,&quot;animateStyle&quot;:&quot;swing&quot;,&quot;animateDelay&quot;:1000,&quot;navigation&quot;:true,&quot;active&quot;:999,&quot;expandedOther&quot;:&quot;no&quot;}>
                <div id="accordions-lazy-2053" class="accordions-lazy" accordionsId="2053">
                    </div>

    <div class="items"  style="display:none" >
    
            <div post_id="2053" itemcount="0"  header_id="header-1768930743796" id="header-1768930743796" style="" class="accordions-head head1768930743796 border-none" toggle-text="" main-text="Días inhábiles de la unidad de transparencia municipal 2026">
                                    <span id="accordion-icons-1768930743796" class="accordion-icons">
                        <span class="accordion-icon-active accordion-plus"><i class="fas fa-chevron-up"></i></span>
                        <span class="accordion-icon-inactive accordion-minus"><i class="fas fa-chevron-right"></i></span>
                    </span>
                    <span id="header-text-1768930743796" class="accordions-head-title">Días inhábiles de la unidad de transparencia municipal 2026</span>
                            </div>
            <div class="accordion-content content1768930743796 ">
                <ul>
<li>Lunes 02 de febrero.- Conmemoración del Aniversario de la Promulgación de la Constitución Política de los Estados Unidos Mexicanos.</li>
<li>Lunes 16 de marzo.- Conmemoración del Aniversario del Natalicio de Benito Juárez García.</li>
<li>Viernes 01 de mayo.- Día del Trabajo.</li>
<li>Miércoles 16 septiembre.- Aniversario del inicio de la lucha por la Independencia de México.</li>
<li>Lunes 16 de noviembre.- Conmemoración del Aniversario del inicio de la Revolución Mexicana.</li>
<li>Viernes 25 de diciembre.- Navidad.</li>
<li>Viernes 01 de enero 2027.- Año Nuevo.</li>
</ul>
            </div>
    
            <div post_id="2053" itemcount="1"  header_id="header-1768930931066" id="header-1768930931066" style="" class="accordions-head head1768930931066 border-none" toggle-text="" main-text="Días Inhábiles por Respeto a las Tradiciones y Costumbres Populares 2026">
                                    <span id="accordion-icons-1768930931066" class="accordion-icons">
                        <span class="accordion-icon-active accordion-plus"><i class="fas fa-chevron-up"></i></span>
                        <span class="accordion-icon-inactive accordion-minus"><i class="fas fa-chevron-right"></i></span>
                    </span>
                    <span id="header-text-1768930931066" class="accordions-head-title">Días Inhábiles por Respeto a las Tradiciones y Costumbres Populares 2026</span>
                            </div>
            <div class="accordion-content content1768930931066 ">
                <ul>
<li>Lunes 16 y martes 17 de febrero.- Lunes y martes de carnaval.</li>
<li>Del lunes 30 de marzo al viernes 03 de abril.- Semana Santa.</li>
<li>Lunes 02 de noviembre.- Fieles Difuntos.</li>
</ul>
            </div>
    </div>



            </div>

<p>Titular: C. Yazmin Isari Garcia Flores &nbsp; Domicilio de la Unidad de Transparencia: Calle 23 x 18 y 20 C.P.97810 Samahil, Yucatán. Correo electrónico:  samahil@transparenciayucatan.org.mx</p>
